{"id":701,"date":"2013-01-04T10:32:16","date_gmt":"2013-01-04T09:32:16","guid":{"rendered":"http:\/\/ega.or.at\/?page_id=701"},"modified":"2021-10-06T11:52:50","modified_gmt":"2021-10-06T10:52:50","slug":"newsletter-2-2","status":"publish","type":"page","link":"https:\/\/ega.or.at\/?page_id=701","title":{"rendered":"Newsletter"},"content":{"rendered":"<p><strong>Der ega Newsletter informiert \u00fcber Angebote, Initiativen, Beratungen, Diskussionen und andere Veranstaltungen, die aktuell im ega: frauen im zentrum stattfinden.<\/strong><\/p>\n<div class=\"form-content left \">\n<form action=\"https:\/\/sys.mailworx.info\/sys\/form_submit.aspx?frm=acb7dba1-70a2-4140-82c3-d97826aaae84\" method=\"post\"><\/form>\n<form id=\"_form_11861\" accept-charset=\"utf-8\" action=\"https:\/\/newsletter02.headroom.at\/proc.php\" enctype=\"multipart\/form-data\" method=\"post\"><input name=\"f\" type=\"hidden\" value=\"11861\"> <input name=\"s\" type=\"hidden\" value=\"\"> <input name=\"c\" type=\"hidden\" value=\"0\"> <input name=\"m\" type=\"hidden\" value=\"0\"> <input name=\"act\" type=\"hidden\" value=\"sub\"> <input name=\"nlbox[]\" type=\"hidden\" value=\"556\">&nbsp;<\/p>\n<div class=\"_form\">\n<div class=\"formwrapper\">\n<div id=\"_field33419\">\n<div id=\"compile33419\" class=\"_field _type_input\">\n<div class=\"_label \">Vollst\u00e4ndiger Name<\/div>\n<div class=\"_option\"><input name=\"fullname\" type=\"text\"><\/div>\n<\/div>\n<\/div>\n<div id=\"_field33420\">\n<div id=\"compile33420\" class=\"_field _type_input\">\n<div class=\"_label \">Email *<\/div>\n<div class=\"_option\"><input name=\"email\" type=\"email\"><\/div>\n<\/div>\n<\/div>\n<div id=\"_field33421\">\n<div id=\"compile33421\" class=\"_field _type_input\">\n<div class=\"_option\"><input type=\"submit\" value=\"Abonnieren\"><\/div>\n<\/div>\n<\/div>\n<\/div>\n<div class=\"preview_part\">\n<div id=\"notice\"><a title=\"email marketing\" href=\"http:\/\/www.activecampaign.com\/\" target=\"_blank\" rel=\"noopener noreferrer\">email marketing<\/a> by activecampaign<\/div>\n<\/div>\n<\/div>\n<\/form>\n<form action=\"https:\/\/sys.mailworx.info\/sys\/form_submit.aspx?frm=acb7dba1-70a2-4140-82c3-d97826aaae84\" method=\"post\">\n<div>&nbsp;<\/div>\n<div>&nbsp;<\/div>\n<div class=\"footer\"><span style=\"font-size: 10px;\"><strong>Information zur Newsletter Anmeldung gem\u00e4\u00df der Datenschutz-Grundverordnung (Art 13 DSGVO)<\/strong><br \/>\nWir verarbeiten Ihre personenbezogenen Daten (Name, Email-Adresse und Geschlecht) nur zum Zweck der Newsletter-Verwaltung und -zusendung oder um R\u00fcckfragen zu beantworten.<br \/>\nWir verwenden f\u00fcr den Newsletter-Versand das Double Opt-In-Verfahren. Ihnen wird erst dann ein Newsletter zugesendet, wenn Sie Ihre Anmeldung nach Mitteilung Ihrer E-Mail-Adresse \u00fcber eine von uns zugesendete E-Mail und einen darin enthaltenen Link best\u00e4tigt haben. Damit stellen wir sicher, dass nur Sie selbst sich als Nutzer der angegebenen E-Mail-Adresse beim Newsletter-Dienst anmelden k\u00f6nnen.<br \/>\nSie k\u00f6nnen einen bei uns abonnierten Newsletter jederzeit abbestellen. Dazu k\u00f6nnen Sie uns entweder eine E-Mail zusenden oder \u00fcber einen Link am Ende des Newsletters eine Stornierung vornehmen. Ihre Daten, die sie uns hier bekannt geben, werden nur so lange verarbeitet, so lange Ihre Einwilligung zum Newsletter Versand besteht und diese Newsletter von uns versandt werden.<br \/>\nEs findet keine automatisierte Entscheidungsfindung, Scoring, Profiling oder Vergleichbares statt.<br \/>\nSie haben das Recht auf Auskunft, auf Berichtigung oder L\u00f6schung, sowie ein Recht auf Einschr\u00e4nkung der Verarbeitung, auf Widerspruch und auf Daten\u00fcbertragbarkeit.<br \/>\nSie haben das Recht sich bei Unzul\u00e4nglichkeiten bei der \u00f6sterreichischen Datenschutzbeh\u00f6rde (www.dsb.gv.at) zu beschweren.<br \/>\nDie Kontaktadresse unserer Datenschutzbeauftragten ist: office@ega.wien<br \/>\n<a href=\"http:\/\/ega.or.at\/datenschutz\/\">Datenschutzerkl\u00e4rung<\/a><\/span><\/div>\n<p><input id=\"mwhidtm\" name=\"mwhidtm\" type=\"hidden\"><input id=\"mwhidtm1\" name=\"mwhidtm1\" type=\"hidden\"><input id=\"mwhidspamprot\" style=\"display: none;\" name=\"mwhidspamprot\" type=\"text\" value=\"\"><\/p>\n<\/form>\n<\/div>\n<p>&nbsp;<\/p>\n","protected":false},"excerpt":{"rendered":"<p>Der ega Newsletter informiert \u00fcber Angebote, Initiativen, Beratungen, Diskussionen und andere Veranstaltungen, die aktuell im ega: frauen im zentrum stattfinden. &nbsp; Vollst\u00e4ndiger Name Email * email marketing by activecampaign &nbsp; &nbsp; Information zur Newsletter Anmeldung gem\u00e4\u00df der Datenschutz-Grundverordnung (Art 13 &hellip; <a href=\"https:\/\/ega.or.at\/?page_id=701\">Weiterlesen <span class=\"meta-nav\">&rarr;<\/span><\/a><\/p>\n","protected":false},"author":9,"featured_media":0,"parent":690,"menu_order":25,"comment_status":"closed","ping_status":"closed","template":"","meta":{"ngg_post_thumbnail":0,"footnotes":""},"class_list":["post-701","page","type-page","status-publish","hentry"],"_links":{"self":[{"href":"https:\/\/ega.or.at\/index.php?rest_route=\/wp\/v2\/pages\/701","targetHints":{"allow":["GET"]}}],"collection":[{"href":"https:\/\/ega.or.at\/index.php?rest_route=\/wp\/v2\/pages"}],"about":[{"href":"https:\/\/ega.or.at\/index.php?rest_route=\/wp\/v2\/types\/page"}],"author":[{"embeddable":true,"href":"https:\/\/ega.or.at\/index.php?rest_route=\/wp\/v2\/users\/9"}],"replies":[{"embeddable":true,"href":"https:\/\/ega.or.at\/index.php?rest_route=%2Fwp%2Fv2%2Fcomments&post=701"}],"version-history":[{"count":59,"href":"https:\/\/ega.or.at\/index.php?rest_route=\/wp\/v2\/pages\/701\/revisions"}],"predecessor-version":[{"id":8063,"href":"https:\/\/ega.or.at\/index.php?rest_route=\/wp\/v2\/pages\/701\/revisions\/8063"}],"up":[{"embeddable":true,"href":"https:\/\/ega.or.at\/index.php?rest_route=\/wp\/v2\/pages\/690"}],"wp:attachment":[{"href":"https:\/\/ega.or.at\/index.php?rest_route=%2Fwp%2Fv2%2Fmedia&parent=701"}],"curies":[{"name":"wp","href":"https:\/\/api.w.org\/{rel}","templated":true}]}}